{"id":9,"date":"2025-01-16T15:40:52","date_gmt":"2025-01-16T14:40:52","guid":{"rendered":"http:\/\/fest.feuerwehr-horgau.de\/?page_id=9"},"modified":"2026-04-20T22:43:36","modified_gmt":"2026-04-20T20:43:36","slug":"startseite","status":"publish","type":"page","link":"https:\/\/horgauonfire.feuerwehr-horgau.de\/","title":{"rendered":"150 Jahre Freiwillige Feuerwehr Horgau"},"content":{"rendered":"\n<p class=\"has-text-align-center has-primary-color has-text-color has-link-color wp-elements-3a00ca7bb9bcd0651f5b8c459d1d8c83\" style=\"font-size:clamp(18.959px, 1.185rem + ((1vw - 3.2px) * 0.977), 30px);\"><strong>Der Countdown l\u00e4uft &#8211; unser Fest beginnt in:<\/strong><\/p>\n\n\n<div\n\t\tclass=\"free align wp-block-ctb-countdown-time\"\tid='ctbCountdownTime-1'\n\tdata-nonce='&quot;0e92ee7cdd&quot;'\n\tdata-attributes='{&quot;destDate&quot;:&quot;2026-05-22T18:00:00&quot;,&quot;boxBG&quot;:{&quot;type&quot;:&quot;solid&quot;,&quot;color&quot;:&quot;rgba(123, 18, 20, 1)&quot;,&quot;gradient&quot;:&quot;linear-gradient(135deg, #4527a4, #8344c5)&quot;},&quot;align&quot;:&quot;&quot;,&quot;layout&quot;:&quot;default&quot;,&quot;isResponsive&quot;:true,&quot;boxIsInline&quot;:false,&quot;boxPosition&quot;:&quot;center&quot;,&quot;isLabels&quot;:true,&quot;isDays&quot;:true,&quot;daysLabel&quot;:&quot;Days&quot;,&quot;isHours&quot;:true,&quot;hoursLabel&quot;:&quot;Hours&quot;,&quot;isMinutes&quot;:true,&quot;minutesLabel&quot;:&quot;Minutes&quot;,&quot;isSeconds&quot;:true,&quot;secondsLabel&quot;:&quot;Seconds&quot;,&quot;isExpired&quot;:false,&quot;hideOn0&quot;:false,&quot;hideOnMobile&quot;:false,&quot;hideOnTablet&quot;:false,&quot;prefixSuffixDirection&quot;:&quot;row&quot;,&quot;prefixText&quot;:&quot;&quot;,&quot;suffixButtonText&quot;:&quot;&quot;,&quot;suffixButtonUrl&quot;:&quot;#&quot;,&quot;addID&quot;:&quot;&quot;,&quot;addClass&quot;:&quot;&quot;,&quot;addCSS&quot;:&quot;&quot;,&quot;width&quot;:&quot;0px&quot;,&quot;background&quot;:{&quot;color&quot;:&quot;#0000&quot;},&quot;padding&quot;:{&quot;vertical&quot;:&quot;10px&quot;,&quot;horizontal&quot;:&quot;15px&quot;},&quot;shadow&quot;:[],&quot;alignment&quot;:&quot;center&quot;,&quot;boxWidth&quot;:&quot;170px&quot;,&quot;boxHeight&quot;:&quot;120px&quot;,&quot;boxSpace&quot;:&quot;30px&quot;,&quot;boxBorder&quot;:{&quot;radius&quot;:&quot;5%&quot;},&quot;boxShadow&quot;:[],&quot;digitTypo&quot;:{&quot;fontSize&quot;:{&quot;desktop&quot;:&quot;48px&quot;,&quot;tablet&quot;:&quot;40px&quot;,&quot;mobile&quot;:&quot;32px&quot;}},&quot;digitColor&quot;:&quot;#fff&quot;,&quot;labelTypo&quot;:{&quot;fontSize&quot;:{&quot;desktop&quot;:&quot;18px&quot;,&quot;tablet&quot;:&quot;17px&quot;,&quot;mobile&quot;:&quot;16px&quot;}},&quot;labelColor&quot;:&quot;#fff&quot;,&quot;isDaysSingleStyle&quot;:false,&quot;daysBG&quot;:{&quot;type&quot;:&quot;gradient&quot;,&quot;color&quot;:&quot;#146EF5&quot;,&quot;gradient&quot;:&quot;linear-gradient(135deg, #0040E3, #18D4FD)&quot;},&quot;daysDigitColor&quot;:&quot;#fff&quot;,&quot;daysLabelColor&quot;:&quot;#fff&quot;,&quot;isHoursSingleStyle&quot;:false,&quot;hoursBG&quot;:{&quot;type&quot;:&quot;gradient&quot;,&quot;color&quot;:&quot;#146EF5&quot;,&quot;gradient&quot;:&quot;linear-gradient(135deg, #0040E3, #18D4FD)&quot;},&quot;hoursDigitColor&quot;:&quot;#fff&quot;,&quot;hoursLabelColor&quot;:&quot;#fff&quot;,&quot;isMinutesSingleStyle&quot;:false,&quot;minutesBG&quot;:{&quot;type&quot;:&quot;gradient&quot;,&quot;color&quot;:&quot;#146EF5&quot;,&quot;gradient&quot;:&quot;linear-gradient(135deg, #0040E3, #18D4FD)&quot;},&quot;minutesDigitColor&quot;:&quot;#fff&quot;,&quot;minutesLabelColor&quot;:&quot;#fff&quot;,&quot;isSecondsSingleStyle&quot;:false,&quot;secondsBG&quot;:{&quot;type&quot;:&quot;gradient&quot;,&quot;color&quot;:&quot;#146EF5&quot;,&quot;gradient&quot;:&quot;linear-gradient(135deg, #0040E3, #18D4FD)&quot;},&quot;secondsDigitColor&quot;:&quot;#fff&quot;,&quot;secondsLabelColor&quot;:&quot;#fff&quot;,&quot;isSep&quot;:false,&quot;sepType&quot;:&quot;:&quot;,&quot;sepSize&quot;:52,&quot;sepColor&quot;:&quot;#146EF5&quot;,&quot;prefixTextTypo&quot;:{&quot;fontSize&quot;:{&quot;desktop&quot;:&quot;15px&quot;}},&quot;prefixTextColor&quot;:&quot;#222&quot;,&quot;suffixButtonTypo&quot;:{&quot;fontSize&quot;:{&quot;desktop&quot;:&quot;16px&quot;}},&quot;suffixButtonColors&quot;:{&quot;color&quot;:&quot;#fff&quot;,&quot;bg&quot;:&quot;#222&quot;},&quot;suffixButtonPadding&quot;:{&quot;vertical&quot;:&quot;14px&quot;,&quot;horizontal&quot;:&quot;28px&quot;},&quot;isDismiss&quot;:false,&quot;dismissColor&quot;:&quot;#333&quot;}'\n\tdata-content='&quot;&quot;'\n><\/div>\n\n\n<div style=\"margin-top:0;margin-bottom:0;height:var(--wp--preset--spacing--medium)\" aria-hidden=\"true\" class=\"wp-block-spacer\"><\/div>\n\n\n\n<div class=\"wp-block-media-text alignfull is-stacked-on-mobile\"><figure class=\"wp-block-media-text__media\"><img loading=\"lazy\" decoding=\"async\" width=\"1024\" height=\"739\" src=\"https:\/\/horgauonfire.feuerwehr-horgau.de\/wp-content\/uploads\/2025\/07\/Webseite_Willkommen-1024x739.png\" alt=\"\" class=\"wp-image-151 size-full\" srcset=\"https:\/\/horgauonfire.feuerwehr-horgau.de\/wp-content\/uploads\/2025\/07\/Webseite_Willkommen-1024x739.png 1024w, https:\/\/horgauonfire.feuerwehr-horgau.de\/wp-content\/uploads\/2025\/07\/Webseite_Willkommen-300x216.png 300w, https:\/\/horgauonfire.feuerwehr-horgau.de\/wp-content\/uploads\/2025\/07\/Webseite_Willkommen.png 1819w\" sizes=\"auto, (max-width: 1024px) 100vw, 1024px\" \/><\/figure><div class=\"wp-block-media-text__content\">\n<p class=\"has-primary-color has-text-color has-link-color has-medium-font-size wp-elements-a63d7157dadb3e3d60ec664361e7fa2a\"><strong>Wir feiern \u2013 und ihr seid herzlich eingeladen!<br><\/strong>Vom <strong>22. bis 24. Mai 2026 <\/strong>findet unser gro\u00dfes&nbsp;150-j\u00e4hriges Gr\u00fcndungsfest&nbsp;der Freiwilligen Feuerwehr Horgau statt.<br>Freut euch auf drei Tage voller Programm, Kameradschaft, guter Verpflegung und einem unvergesslichen Abend!<\/p>\n<\/div><\/div>\n\n\n\n<div style=\"height:0px\" aria-hidden=\"true\" class=\"wp-block-spacer\"><\/div>\n\n\n\n<div style=\"height:var(--wp--preset--spacing--medium)\" aria-hidden=\"true\" class=\"wp-block-spacer\"><\/div>\n\n\n\n<h1 class=\"wp-block-heading has-text-align-center has-primary-color has-text-color has-link-color has-x-large-font-size wp-elements-78ba72b9f4974f34d6282fe55b126814\">Unser Festprogramm<\/h1>\n\n\n\n<div style=\"height:var(--wp--preset--spacing--x-small)\" aria-hidden=\"true\" class=\"wp-block-spacer\"><\/div>\n\n\n\n<figure class=\"wp-block-image aligncenter size-large\"><img loading=\"lazy\" decoding=\"async\" width=\"739\" height=\"1024\" src=\"https:\/\/horgauonfire.feuerwehr-horgau.de\/wp-content\/uploads\/2025\/11\/Webseite_Festprogramm_1125-e1762879045442-739x1024.png\" alt=\"\" class=\"wp-image-238\" srcset=\"https:\/\/horgauonfire.feuerwehr-horgau.de\/wp-content\/uploads\/2025\/11\/Webseite_Festprogramm_1125-e1762879045442-739x1024.png 739w, https:\/\/horgauonfire.feuerwehr-horgau.de\/wp-content\/uploads\/2025\/11\/Webseite_Festprogramm_1125-e1762879045442-216x300.png 216w, https:\/\/horgauonfire.feuerwehr-horgau.de\/wp-content\/uploads\/2025\/11\/Webseite_Festprogramm_1125-e1762879045442-768x1065.png 768w, https:\/\/horgauonfire.feuerwehr-horgau.de\/wp-content\/uploads\/2025\/11\/Webseite_Festprogramm_1125-e1762879045442-1108x1536.png 1108w, https:\/\/horgauonfire.feuerwehr-horgau.de\/wp-content\/uploads\/2025\/11\/Webseite_Festprogramm_1125-e1762879045442.png 1312w\" sizes=\"auto, (max-width: 739px) 100vw, 739px\" \/><\/figure>\n\n\n\n<div style=\"height:var(--wp--preset--spacing--medium)\" aria-hidden=\"true\" class=\"wp-block-spacer\"><\/div>\n\n\n\n<p class=\"has-text-align-center has-primary-color has-text-color has-link-color wp-elements-a94c127e010d4b5785782598601ac3bf\" style=\"font-size:clamp(18.959px, 1.185rem + ((1vw - 3.2px) * 0.977), 30px);\"><strong>Hast du schon einen unserer Bierdeckel entdeckt?<\/strong><\/p>\n\n\n\n<p class=\"has-text-align-center has-medium-font-size\">Mach dich auf die Suche und sichere dir die Chance auf ein Freigetr\u00e4nk bei unserem<br>Fest.<\/p>\n\n\n\n<p class=\"has-text-align-center has-medium-font-size\">Einfach QR-Code scannen und ab dem 08. Mai 2026 nachsehen, ob du<br>gewonnen hast.<br>Mit etwas Gl\u00fcck wartet beim Fest ein Freigetr\u00e4nk auf dich.<br>Also Augen offen halten und Bierdeckel nicht verlieren!<\/p>\n\n\n\n<div style=\"height:25px\" aria-hidden=\"true\" class=\"wp-block-spacer\"><\/div>\n\n\n\n<h1 class=\"wp-block-heading has-text-align-center\">Partyabend mit den Muckas\u00e4ck<\/h1>\n\n\n\n<div class=\"wp-block-media-text is-stacked-on-mobile\" style=\"grid-template-columns:48% auto\"><figure class=\"wp-block-media-text__media\"><img loading=\"lazy\" decoding=\"async\" width=\"1024\" height=\"683\" src=\"https:\/\/horgauonfire.feuerwehr-horgau.de\/wp-content\/uploads\/2026\/04\/PHOTO-2023-11-08-13-33-32-0005-1024x683.jpg\" alt=\"\" class=\"wp-image-343 size-full\" srcset=\"https:\/\/horgauonfire.feuerwehr-horgau.de\/wp-content\/uploads\/2026\/04\/PHOTO-2023-11-08-13-33-32-0005-1024x683.jpg 1024w, https:\/\/horgauonfire.feuerwehr-horgau.de\/wp-content\/uploads\/2026\/04\/PHOTO-2023-11-08-13-33-32-0005-300x200.jpg 300w, https:\/\/horgauonfire.feuerwehr-horgau.de\/wp-content\/uploads\/2026\/04\/PHOTO-2023-11-08-13-33-32-0005-2000x1334.jpg 2000w, https:\/\/horgauonfire.feuerwehr-horgau.de\/wp-content\/uploads\/2026\/04\/PHOTO-2023-11-08-13-33-32-0005.jpg 2048w\" sizes=\"auto, (max-width: 1024px) 100vw, 1024px\" \/><\/figure><div class=\"wp-block-media-text__content\">\n<p>Erlebt einen unvergesslichen Partyabend an unserem Feuerwehrfest! Am Samstag sorgt die Band&nbsp;<strong>Muckas\u00e4ck<\/strong>&nbsp;mit ihrem energiegeladenen Sound f\u00fcr beste Stimmung und eine volle Tanzfl\u00e4che. Ob mit Freunden oder in geselliger Runde \u2013 hier ist gute Laune garantiert!<\/p>\n\n\n\n<p>Sichert euch jetzt eure Tickets im&nbsp;<strong>Online-Vorverkauf<\/strong>&nbsp;und seid dabei, wenn es hei\u00dft: feiern, tanzen und gemeinsam einen gro\u00dfartigen Abend genie\u00dfen.<\/p>\n\n\n\n<div class=\"wp-block-buttons is-layout-flex wp-block-buttons-is-layout-flex\">\n<div class=\"wp-block-button is-style-fill\"><a class=\"wp-block-button__link wp-element-button\" href=\"https:\/\/eventfrog.de\/de\/p\/konzerte\/schlager-volksmusik\/150-jahre-feuerwehr-horgau-7393725768679866302.html\" target=\"_blank\" rel=\"noreferrer noopener\"><strong>Zum Vorverkauf<\/strong><\/a><\/div>\n<\/div>\n<\/div><\/div>\n\n\n\n<div style=\"height:23px\" aria-hidden=\"true\" class=\"wp-block-spacer\"><\/div>\n\n\n\n<p>F\u00fcr Minderj\u00e4hrige ist der Besuch mit Aufsicht m\u00f6glich \u2013 bitte bringt daf\u00fcr den entsprechenden ausgef\u00fcllten und unterschriebenen Zettel mit. Den Zettel k\u00f6nnt ihr <a href=\"https:\/\/horgauonfire.feuerwehr-horgau.de\/?page_id=347\" data-type=\"page\" data-id=\"347\">hier<\/a> herunterladen.<\/p>\n\n\n\n<p><\/p>\n","protected":false},"excerpt":{"rendered":"<p>Der Countdown l\u00e4uft &#8211; unser Fest beginnt in: Wir feiern \u2013 und ihr seid herzlich eingeladen!Vom 22. bis 24. Mai 2026 findet unser gro\u00dfes&nbsp;150-j\u00e4hriges Gr\u00fcndungsfest&nbsp;der Freiwilligen Feuerwehr Horgau statt.Freut euch auf drei Tage voller Programm, Kameradschaft, guter Verpflegung und einem unvergesslichen Abend! Unser Festprogramm Hast du schon einen unserer Bierdeckel entdeckt? Mach dich auf die &hellip; <\/p>\n<p class=\"link-more\"><a href=\"https:\/\/horgauonfire.feuerwehr-horgau.de\/\" class=\"more-link\">Mehr <span class=\"screen-reader-text\">\u00fcber &#8222;150 Jahre Freiwillige Feuerwehr Horgau&#8220; <\/span>Lesen<\/a><\/p>\n","protected":false},"author":1,"featured_media":0,"parent":0,"menu_order":0,"comment_status":"closed","ping_status":"closed","template":"","meta":{"inspiro_hide_title":false,"footnotes":""},"class_list":["post-9","page","type-page","status-publish","hentry"],"_links":{"self":[{"href":"https:\/\/horgauonfire.feuerwehr-horgau.de\/index.php?rest_route=\/wp\/v2\/pages\/9","targetHints":{"allow":["GET"]}}],"collection":[{"href":"https:\/\/horgauonfire.feuerwehr-horgau.de\/index.php?rest_route=\/wp\/v2\/pages"}],"about":[{"href":"https:\/\/horgauonfire.feuerwehr-horgau.de\/index.php?rest_route=\/wp\/v2\/types\/page"}],"author":[{"embeddable":true,"href":"https:\/\/horgauonfire.feuerwehr-horgau.de\/index.php?rest_route=\/wp\/v2\/users\/1"}],"replies":[{"embeddable":true,"href":"https:\/\/horgauonfire.feuerwehr-horgau.de\/index.php?rest_route=%2Fwp%2Fv2%2Fcomments&post=9"}],"version-history":[{"count":59,"href":"https:\/\/horgauonfire.feuerwehr-horgau.de\/index.php?rest_route=\/wp\/v2\/pages\/9\/revisions"}],"predecessor-version":[{"id":351,"href":"https:\/\/horgauonfire.feuerwehr-horgau.de\/index.php?rest_route=\/wp\/v2\/pages\/9\/revisions\/351"}],"wp:attachment":[{"href":"https:\/\/horgauonfire.feuerwehr-horgau.de\/index.php?rest_route=%2Fwp%2Fv2%2Fmedia&parent=9"}],"curies":[{"name":"wp","href":"https:\/\/api.w.org\/{rel}","templated":true}]}}

<p class="has-text-align-center has-primary-color has-text-color has-link-color wp-elements-3a00ca7bb9bcd0651f5b8c459d1d8c83" style="font-size:clamp(18.959px, 1.185rem + ((1vw - 3.2px) * 0.977), 30px);"><strong>Der Countdown läuft &#8211; unser Fest beginnt in:</strong></p>


<div
		class="free align wp-block-ctb-countdown-time"	id='ctbCountdownTime-1'
	data-nonce='&quot;0e92ee7cdd&quot;'
	data-attributes='{&quot;destDate&quot;:&quot;2026-05-22T18:00:00&quot;,&quot;boxBG&quot;:{&quot;type&quot;:&quot;solid&quot;,&quot;color&quot;:&quot;rgba(123, 18, 20, 1)&quot;,&quot;gradient&quot;:&quot;linear-gradient(135deg, #4527a4, #8344c5)&quot;},&quot;align&quot;:&quot;&quot;,&quot;layout&quot;:&quot;default&quot;,&quot;isResponsive&quot;:true,&quot;boxIsInline&quot;:false,&quot;boxPosition&quot;:&quot;center&quot;,&quot;isLabels&quot;:true,&quot;isDays&quot;:true,&quot;daysLabel&quot;:&quot;Days&quot;,&quot;isHours&quot;:true,&quot;hoursLabel&quot;:&quot;Hours&quot;,&quot;isMinutes&quot;:true,&quot;minutesLabel&quot;:&quot;Minutes&quot;,&quot;isSeconds&quot;:true,&quot;secondsLabel&quot;:&quot;Seconds&quot;,&quot;isExpired&quot;:false,&quot;hideOn0&quot;:false,&quot;hideOnMobile&quot;:false,&quot;hideOnTablet&quot;:false,&quot;prefixSuffixDirection&quot;:&quot;row&quot;,&quot;prefixText&quot;:&quot;&quot;,&quot;suffixButtonText&quot;:&quot;&quot;,&quot;suffixButtonUrl&quot;:&quot;#&quot;,&quot;addID&quot;:&quot;&quot;,&quot;addClass&quot;:&quot;&quot;,&quot;addCSS&quot;:&quot;&quot;,&quot;width&quot;:&quot;0px&quot;,&quot;background&quot;:{&quot;color&quot;:&quot;#0000&quot;},&quot;padding&quot;:{&quot;vertical&quot;:&quot;10px&quot;,&quot;horizontal&quot;:&quot;15px&quot;},&quot;shadow&quot;:[],&quot;alignment&quot;:&quot;center&quot;,&quot;boxWidth&quot;:&quot;170px&quot;,&quot;boxHeight&quot;:&quot;120px&quot;,&quot;boxSpace&quot;:&quot;30px&quot;,&quot;boxBorder&quot;:{&quot;radius&quot;:&quot;5%&quot;},&quot;boxShadow&quot;:[],&quot;digitTypo&quot;:{&quot;fontSize&quot;:{&quot;desktop&quot;:&quot;48px&quot;,&quot;tablet&quot;:&quot;40px&quot;,&quot;mobile&quot;:&quot;32px&quot;}},&quot;digitColor&quot;:&quot;#fff&quot;,&quot;labelTypo&quot;:{&quot;fontSize&quot;:{&quot;desktop&quot;:&quot;18px&quot;,&quot;tablet&quot;:&quot;17px&quot;,&quot;mobile&quot;:&quot;16px&quot;}},&quot;labelColor&quot;:&quot;#fff&quot;,&quot;isDaysSingleStyle&quot;:false,&quot;daysBG&quot;:{&quot;type&quot;:&quot;gradient&quot;,&quot;color&quot;:&quot;#146EF5&quot;,&quot;gradient&quot;:&quot;linear-gradient(135deg, #0040E3, #18D4FD)&quot;},&quot;daysDigitColor&quot;:&quot;#fff&quot;,&quot;daysLabelColor&quot;:&quot;#fff&quot;,&quot;isHoursSingleStyle&quot;:false,&quot;hoursBG&quot;:{&quot;type&quot;:&quot;gradient&quot;,&quot;color&quot;:&quot;#146EF5&quot;,&quot;gradient&quot;:&quot;linear-gradient(135deg, #0040E3, #18D4FD)&quot;},&quot;hoursDigitColor&quot;:&quot;#fff&quot;,&quot;hoursLabelColor&quot;:&quot;#fff&quot;,&quot;isMinutesSingleStyle&quot;:false,&quot;minutesBG&quot;:{&quot;type&quot;:&quot;gradient&quot;,&quot;color&quot;:&quot;#146EF5&quot;,&quot;gradient&quot;:&quot;linear-gradient(135deg, #0040E3, #18D4FD)&quot;},&quot;minutesDigitColor&quot;:&quot;#fff&quot;,&quot;minutesLabelColor&quot;:&quot;#fff&quot;,&quot;isSecondsSingleStyle&quot;:false,&quot;secondsBG&quot;:{&quot;type&quot;:&quot;gradient&quot;,&quot;color&quot;:&quot;#146EF5&quot;,&quot;gradient&quot;:&quot;linear-gradient(135deg, #0040E3, #18D4FD)&quot;},&quot;secondsDigitColor&quot;:&quot;#fff&quot;,&quot;secondsLabelColor&quot;:&quot;#fff&quot;,&quot;isSep&quot;:false,&quot;sepType&quot;:&quot;:&quot;,&quot;sepSize&quot;:52,&quot;sepColor&quot;:&quot;#146EF5&quot;,&quot;prefixTextTypo&quot;:{&quot;fontSize&quot;:{&quot;desktop&quot;:&quot;15px&quot;}},&quot;prefixTextColor&quot;:&quot;#222&quot;,&quot;suffixButtonTypo&quot;:{&quot;fontSize&quot;:{&quot;desktop&quot;:&quot;16px&quot;}},&quot;suffixButtonColors&quot;:{&quot;color&quot;:&quot;#fff&quot;,&quot;bg&quot;:&quot;#222&quot;},&quot;suffixButtonPadding&quot;:{&quot;vertical&quot;:&quot;14px&quot;,&quot;horizontal&quot;:&quot;28px&quot;},&quot;isDismiss&quot;:false,&quot;dismissColor&quot;:&quot;#333&quot;}'
	data-content='&quot;&quot;'
></div>


<div style="margin-top:0;margin-bottom:0;height:var(--wp--preset--spacing--medium)" aria-hidden="true" class="wp-block-spacer"></div>



<div class="wp-block-media-text alignfull is-stacked-on-mobile"><figure class="wp-block-media-text__media"><img loading="lazy" decoding="async" width="1024" height="739" src="https://horgauonfire.feuerwehr-horgau.de/wp-content/uploads/2025/07/Webseite_Willkommen-1024x739.png" alt="" class="wp-image-151 size-full" srcset="https://horgauonfire.feuerwehr-horgau.de/wp-content/uploads/2025/07/Webseite_Willkommen-1024x739.png 1024w, https://horgauonfire.feuerwehr-horgau.de/wp-content/uploads/2025/07/Webseite_Willkommen-300x216.png 300w, https://horgauonfire.feuerwehr-horgau.de/wp-content/uploads/2025/07/Webseite_Willkommen.png 1819w" sizes="auto, (max-width: 1024px) 100vw, 1024px" /></figure><div class="wp-block-media-text__content">
<p class="has-primary-color has-text-color has-link-color has-medium-font-size wp-elements-a63d7157dadb3e3d60ec664361e7fa2a"><strong>Wir feiern – und ihr seid herzlich eingeladen!<br></strong>Vom <strong>22. bis 24. Mai 2026 </strong>findet unser großes&nbsp;150-jähriges Gründungsfest&nbsp;der Freiwilligen Feuerwehr Horgau statt.<br>Freut euch auf drei Tage voller Programm, Kameradschaft, guter Verpflegung und einem unvergesslichen Abend!</p>
</div></div>



<div style="height:0px" aria-hidden="true" class="wp-block-spacer"></div>



<div style="height:var(--wp--preset--spacing--medium)" aria-hidden="true" class="wp-block-spacer"></div>



<h1 class="wp-block-heading has-text-align-center has-primary-color has-text-color has-link-color has-x-large-font-size wp-elements-78ba72b9f4974f34d6282fe55b126814">Unser Festprogramm</h1>



<div style="height:var(--wp--preset--spacing--x-small)" aria-hidden="true" class="wp-block-spacer"></div>



<figure class="wp-block-image aligncenter size-large"><img loading="lazy" decoding="async" width="739" height="1024" src="https://horgauonfire.feuerwehr-horgau.de/wp-content/uploads/2025/11/Webseite_Festprogramm_1125-e1762879045442-739x1024.png" alt="" class="wp-image-238" srcset="https://horgauonfire.feuerwehr-horgau.de/wp-content/uploads/2025/11/Webseite_Festprogramm_1125-e1762879045442-739x1024.png 739w, https://horgauonfire.feuerwehr-horgau.de/wp-content/uploads/2025/11/Webseite_Festprogramm_1125-e1762879045442-216x300.png 216w, https://horgauonfire.feuerwehr-horgau.de/wp-content/uploads/2025/11/Webseite_Festprogramm_1125-e1762879045442-768x1065.png 768w, https://horgauonfire.feuerwehr-horgau.de/wp-content/uploads/2025/11/Webseite_Festprogramm_1125-e1762879045442-1108x1536.png 1108w, https://horgauonfire.feuerwehr-horgau.de/wp-content/uploads/2025/11/Webseite_Festprogramm_1125-e1762879045442.png 1312w" sizes="auto, (max-width: 739px) 100vw, 739px" /></figure>



<div style="height:var(--wp--preset--spacing--medium)" aria-hidden="true" class="wp-block-spacer"></div>



<p class="has-text-align-center has-primary-color has-text-color has-link-color wp-elements-a94c127e010d4b5785782598601ac3bf" style="font-size:clamp(18.959px, 1.185rem + ((1vw - 3.2px) * 0.977), 30px);"><strong>Hast du schon einen unserer Bierdeckel entdeckt?</strong></p>



<p class="has-text-align-center has-medium-font-size">Mach dich auf die Suche und sichere dir die Chance auf ein Freigetränk bei unserem<br>Fest.</p>



<p class="has-text-align-center has-medium-font-size">Einfach QR-Code scannen und ab dem 08. Mai 2026 nachsehen, ob du<br>gewonnen hast.<br>Mit etwas Glück wartet beim Fest ein Freigetränk auf dich.<br>Also Augen offen halten und Bierdeckel nicht verlieren!</p>



<div style="height:25px" aria-hidden="true" class="wp-block-spacer"></div>



<h1 class="wp-block-heading has-text-align-center">Partyabend mit den Muckasäck</h1>



<div class="wp-block-media-text is-stacked-on-mobile" style="grid-template-columns:48% auto"><figure class="wp-block-media-text__media"><img loading="lazy" decoding="async" width="1024" height="683" src="https://horgauonfire.feuerwehr-horgau.de/wp-content/uploads/2026/04/PHOTO-2023-11-08-13-33-32-0005-1024x683.jpg" alt="" class="wp-image-343 size-full" srcset="https://horgauonfire.feuerwehr-horgau.de/wp-content/uploads/2026/04/PHOTO-2023-11-08-13-33-32-0005-1024x683.jpg 1024w, https://horgauonfire.feuerwehr-horgau.de/wp-content/uploads/2026/04/PHOTO-2023-11-08-13-33-32-0005-300x200.jpg 300w, https://horgauonfire.feuerwehr-horgau.de/wp-content/uploads/2026/04/PHOTO-2023-11-08-13-33-32-0005-2000x1334.jpg 2000w, https://horgauonfire.feuerwehr-horgau.de/wp-content/uploads/2026/04/PHOTO-2023-11-08-13-33-32-0005.jpg 2048w" sizes="auto, (max-width: 1024px) 100vw, 1024px" /></figure><div class="wp-block-media-text__content">
<p>Erlebt einen unvergesslichen Partyabend an unserem Feuerwehrfest! Am Samstag sorgt die Band&nbsp;<strong>Muckasäck</strong>&nbsp;mit ihrem energiegeladenen Sound für beste Stimmung und eine volle Tanzfläche. Ob mit Freunden oder in geselliger Runde – hier ist gute Laune garantiert!</p>



<p>Sichert euch jetzt eure Tickets im&nbsp;<strong>Online-Vorverkauf</strong>&nbsp;und seid dabei, wenn es heißt: feiern, tanzen und gemeinsam einen großartigen Abend genießen.</p>



<div class="wp-block-buttons is-layout-flex wp-block-buttons-is-layout-flex">
<div class="wp-block-button is-style-fill"><a class="wp-block-button__link wp-element-button" href="https://eventfrog.de/de/p/konzerte/schlager-volksmusik/150-jahre-feuerwehr-horgau-7393725768679866302.html" target="_blank" rel="noreferrer noopener"><strong>Zum Vorverkauf</strong></a></div>
</div>
</div></div>



<div style="height:23px" aria-hidden="true" class="wp-block-spacer"></div>



<p>Für Minderjährige ist der Besuch mit Aufsicht möglich – bitte bringt dafür den entsprechenden ausgefüllten und unterschriebenen Zettel mit. Den Zettel könnt ihr <a href="https://horgauonfire.feuerwehr-horgau.de/?page_id=347" data-type="page" data-id="347">hier</a> herunterladen.</p>



<p></p>

<p>Der Countdown läuft &#8211; unser Fest beginnt in: Wir feiern – und ihr seid herzlich eingeladen!Vom 22. bis 24. Mai 2026 findet unser großes&nbsp;150-jähriges Gründungsfest&nbsp;der Freiwilligen Feuerwehr Horgau statt.Freut euch auf drei Tage voller Programm, Kameradschaft, guter Verpflegung und einem unvergesslichen Abend! Unser Festprogramm Hast du schon einen unserer Bierdeckel entdeckt? Mach dich auf die &hellip; </p>
<p class="link-more"><a href="https://horgauonfire.feuerwehr-horgau.de/" class="more-link">Mehr <span class="screen-reader-text">über &#8222;150 Jahre Freiwillige Feuerwehr Horgau&#8220; </span>Lesen</a></p>
